t).
-5
Let d = -4 + 0. Let w(v) be the first derivative of v**2/2 + 7*v + 6. Determine w(d).
3
Let o(m) be the first derivative of 1/2*m**2 + m - 1. Suppose -4*c = 2*p + 22, 14 = -3*c + p - 2*p. What is o(c)?
-2
Suppose 4*f - 4*p = -4, 5*f + 3*p + 2 = 5*p. Let y be 1 + f + 6/(-2). Let r(v) = -2*v. What is r(y)?
4
Suppose 4*n - 3*j = -40, 6 + 25 = -5*n - j. Let y = 4 + n. Let d(s) = 4*s**2 + 7*s + 13. Let c(i) = i**2 + 2*i + 3. Let g(m) = -9*c(m) + 2*d(m). Determine g(y).
2
Suppose -5*q + 0 = -15. Let k(x) = -2*x**2 + 5*x - 2. Give k(q).
-5
Let x(w) = -3*w - 24. Let s(t) = -2*t - 16. Let d(o) = 8*s(o) - 5*x(o). Let j = -13 + 8. What is d(j)?
-3
Let r(v) = -10300*v**3 + 10301*v**3 - 3*v + v + 2. What is r(2)?
6
Let r(t) = 1 - 4 - 2*t + t. Let w(p) = 1 + p + 8 - p**2 - 3. Let s be w(-3). What is r(s)?
3
Let i(c) be the first derivative of -c**3/3 - 2*c**2 + 6*c + 9. Calculate i(-6).
-6
Let s(y) = y**2 - 7*y + 6. Let u(m) be the first derivative of 4*m**3 - m**2 + m - 1. Let j be u(1). Let w = -7 + j. Determine s(w).
-6
Let l(p) be the first derivative of p**6/120 + p**5/30 - p**4/8 - p**3/6 + 4*p**2 - 6. Let a(o) be the second derivative of l(o). Give a(-3).
-1
Suppose j - 2 = -y + 5, j + 5*y - 15 = 0. Let f(v) = 2*v**3 - v - 2 + v**2 + j - 3*v**3. Let z be (1*(1 + -1)/3)/(-1). Determine f(z).
3
Let j(i) = -1 - 4 + 6*i + 0 - 5*i. Let d(h) = -4*h**3 + h**2. Let t be d(-1). Give j(t).
0
Let y(c) = 3*c - 5. Let w(b) = -b - b - 3 + 1. Let i be w(3). Let d be 2/(2*(-2)/i). Give y(d).
7
Let k(h) = -h**2 - 7*h - 6. Let w be ((-16)/(-56) - 65/7) + 3. Give k(w).
0
Suppose -4*x - 3 = -x. Let t(q) = -3*q. Let j(l) = 1. Let c(r) = -r - 3. Let z(n) = c(n) + 2*j(n). Let o(i) = x*t(i) + 5*z(i). Give o(-4).
3
Suppose 0 = -5*u - 3*n + 31, -3*u = 4*n + 4 - 16. Suppose -3*j = j - u. Let a(i) = -i - 11 + 11. Calculate a(j).
-2
Let f(j) be the third derivative of j**5/12 - j**2. Suppose 6*k = 4*k - 2. Calculate f(k).
5
Let z(g) = -8*g**3 - 2*g**2 - 3*g + 9. Let q(u) = 7*u**3 + 2*u**2 + 2*u - 8. Let t(b) = 7*q(b) + 6*z(b). What is t(-3)?
1
Let x(m) = 4 - 2*m - m + 3. Let w be 10/35 + 2/(-7). Suppose 20 + w = 4*q. Give x(q).
-8
Let l(s) = 9*s**3 - 2*s - 1. Let p = 10 - 11. Determine l(p).
-8
Let c be 1/4 - (-42)/24. Let q(h) = 8*h - c - 6*h - h**2 + 1 - h**3 + 4. Calculate q(-2).
3
Let t(w) = w**2 + 4*w - 4. Let u(y) = 4*y + 2. Suppose -p = l - 1, -2*l - 5*p = -p - 8. Let j be u(l). Calculate t(j).
8
Let h(z) = 3 + 3 + 13*z - 14*z - 5. What is h(-4)?
5
Let w(f) be the second derivative of f**3/3 - 2*f**2 + f. Let k(y) = -y**2 + 10*y - 13. Let p be k(8). What is w(p)?
2
Let v(c) = -3*c**2 + 3*c**3 - 2*c**3 - 236*c + 238*c - 3. Give v(3).
3
Let q(c) = -c**2 - 2*c + 2. Suppose 4*a - 16 - 8 = 0. Suppose -a*y + y = -10. What is q(y)?
-6
Let w(x) = x**3 - 8*x**2 - 8*x - 3. Let m be w(9). Let n(a) = -a**3 + 9*a**2 - a - 11. Let c(s) = s**3 - 8*s**2 + 10. Let r(y) = -3*c(y) - 2*n(y). What is r(m)?
4
Let g(a) = 95 + 98 - 192 - 13*a. Calculate g(1).
-12
Let y(r) = -3*r**3 - 7*r**2 + 14*r - 12. Let u(d) = d**3 + 4*d**2 - 7*d + 6. Let l(j) = 5*u(j) + 2*y(j). Give l(5).
-4
Let w = -6 + 14. Let k = -5 + w. Suppose 0 = k*p - 3*g - 0 - 6, -p - 5*g + 8 = 0. Let x(j) = -j**3 + 3*j**2 - 2. What is x(p)?
-2
Let z(p) be the first derivative of -p**4/4 - p**3 + 2*p**2 + 2*p - 7. Calculate z(-4).
2
Let d(h) be the third derivative of 0*h + 1/60*h**6 - 3*h**2 + 0 + 1/24*h**4 - 1/3*h**3 + 1/15*h**5. What is d(-2)?
-4
Let u(y) = -y**3 + 4*y**2 - 2*y + 5. Suppose 0 = 5*i + 17 - 82. Suppose 3*d - i = -1. Determine u(d).
-3
Let d(p) = -3*p**2 - 3*p. Suppose -4*u = -3*b - 1, 0 = -u - 2*b + 4*b + 4. Let l be u/(-8) + 27/(-12). Give d(l).
-6
Let t be (-2)/2 + (1 - 2). Let l(a) be the first derivative of -a**4/4 - 2*a**3/3 + a**2 + 3*a - 1. Give l(t).
-1
Let p(x) = 6*x - 8. Let t(o) = 4*o - 7. Let h(k) = -4*p(k) + 5*t(k). Determine h(4).
-19
Let m(y) = -y**3 - 6*y**2 - 3*y + 3. Suppose 5*p + 4 = -3*b - 33, -2*b = -p + 3. Determine m(p).
-7
Let q(m) = -m**3 + m**2 + 2*m - 3. Let c(f) = f**3 - 4*f**2 - 4*f. Let n be c(5). Let y = 7 - n. Give q(y).
-3
Let y(u) = u**3 - 5*u**2 + 3*u + 5. Suppose 0 = -j + 4*o + 11 + 10, -o = -3*j + 19. Suppose 4*w - c - 11 - 9 = 0, -j*w = -c - 25. What is y(w)?
20
Suppose 4*t + 4 = 3*l, l + 8 = -4*t - 12. Let b(o) be the second derivative of o**3/6 + 5*o**2/2 - o. Determine b(l).
1
Let d(x) = 23*x**2 - 9*x - 11. Let b(p) = -11*p**2 + 4*p + 5. Let g(j) = 13*b(j) + 6*d(j). Calculate g(-1).
-4
Let h(j) be the first derivative of -2*j**3/3 - j**2/2 + 2*j + 1. Give h(2).
-8
Let z be ((-12)/18*6)/(2/(-1)). Let y(c) = 4*c. Determine y(z).
8
Let s(y) be the third derivative of -y**6/120 + y**5/12 + y**4/24 + y**3/3 + 4*y**2. Calculate s(5).
7
Let d(m) = 2*m**3 - 2*m - 2*m**2 + 3*m + 4 + 10*m**2 - m**3. What is d(-8)?
-4
Let t(n) = -n**3 - n**2 - 1. Let v(w) = 3*w**2 - 4*w**2 + w - 3*w**3 - w**2 - 2. Let x(b) = 4*t(b) - v(b). Give x(-2).
0
Suppose -d - 3 = 2. Let l(n) be the second derivative of -3*n - 1/20*n**5 - 1/2*n**4 - 3/2*n**2 + 0 - 2/3*n**3. Determine l(d).
-8
Let d(f) be the third derivative of -f**6/72 + f**4/24 + f**3/2 - 2*f**2. Let q(c) be the first derivative of d(c). Determine q(-1).
-4
Let p(n) = -n**3 + 6*n**2 + 6*n + 9. Let o be p(7). Let z(d) = 3 + 2*d - 5*d - d**o - 4. Suppose 0 = -4*s - 1 - 11. Determine z(s).
-1
Let k = -6 + 3. Let a(u) = -u**2 + u + 4. What is a(k)?
-8
Let o be 21/6 - 2/(-4). Suppose 4 = o*u - 0*u. Let v(p) = 2*p**3 + p**2 + p - 1. What is v(u)?
3
Suppose -2 = -4*g + 10. Let d = 1 + 3. Let m(p) = g*p**2 + 0*p**2 + 1 - 3*p - d*p**2. Determine m(-4).
-3
Let p(x) = 2*x - 2. Let l be p(-2). Let c(v) = -2*v + 8. Let j(m) = -m + 6. Let s(u) = 4*c(u) - 6*j(u). Determine s(l).
8
Let l = 57/2 - 27. Let f(a) be the first derivative of -a + 2 + l*a**2 - 1/4*a**4 - 1/3*a**3. Determine f(2).
-7
Let q be 24/(-60) - (-6)/(-10). Let l(i) = 0 - 2*i**3 + 1 + 8*i**3. Calculate l(q).
-5
Let r(v) = -4*v**3 - v**2 + 4*v + 7. Let d(u) = u**3 - u**2 - u - 1. Let g(h) = -5*d(h) - r(h). Let c be 5 + -6 + 8 + -1. Calculate g(c).
4
Let r = 0 - -9. Let i = 7 - r. Let b(n) = -11*n**3 - 17*n**2 + 5*n + 6. Let l(u) = -7*u**3 - 11*u**2 + 3*u + 4. Let d(y) = -5*b(y) + 8*l(y). Calculate d(i).
0
Suppose 2*v + 5 = 7*v. Let f(u) = -v - u + 6*u - 2*u - 4*u. Let m(r) = -r**3 - r**2 + r - 4. Let b be m(0). Determine f(b).
3
Let l(u) = -u**3 + 4*u**2 + 4*u + 6. Let x(c) = 2*c**2 - 8*c**2 + 6*c - c**3 + 2*c**3. Let n be x(5). What is l(n)?
1
Let i be (3/6)/(-4 - 14/(-4)). Let n(x) = -9*x**3 - x - 1. Calculate n(i).
9
Let i(p) = p - 19. Let b be i(8). Let x = b + 10. Let t(h) = 7*h**2 + 3 - 5*h - 4 + 3*h. Determine t(x).
8
Let g be 1 - -2*(-3)/(-6). Let m(y) be the second derivative of y**3/6 + y**2 + 25*y. What is m(g)?
4
Suppose -3*g + c = 1 - 13, 4*c = 0. Suppose -4*q + 9*i + 14 = g*i, 3*q - 3*i = 9. Let h(w) be the second derivative of -w**5/20 + w**3/6 + w. Determine h(q).
0
Let u(c) = -c**2 - c + 3. Suppose -p + 6 = 3*d, -5*p - d = 6 - 22. Calculate u(p).
-9
Let j(k) = -k**2 - 7*k - 2. Let b = 4 + 0. Suppose 0 = 3*r + 11 + b. Calculate j(r).
8
Let d = 59 + -55. Let p(m) be the second derivative of 1/2*m**3 + 3/2*m**2 + 0 + m - 1/12*m**4. Determine p(d).
-1
Let t = -25 + 36. Let m = t + -10. Let l(g) = 4*g**3 - 2*g**2 + 1. Calculate l(m).
3
Let g(p) = -4*p - 2 - 9*p - p + 13*p. What is g(-3)?
1
Suppose 4 - 29 = 5*v. Let m(r) = 5*r**2 - 9 - 5*r**3 + 2 + 2*r**3 + 4*r**3. Give m(v).
-7
Suppose -5*y + 6*q = 4*q + 20, -23 = 4*y - 3*q. Let l(u) = -u**2 + u + 2. Determine l(y).
-4
Let v(h) = -16*h**2 + 5*h + 30. Let b(p) = 3*p**2 - p - 6. Let k(m) = -11*b(m) - 2*v(m). Let t = -98 + 98. Let r be k(t). Let o(z) = z - 4. What is o(r)?
2
Suppose 2*a - 3 = 3. Let c(w) = -5*w**3 + 4*w**3 - 9*w**2 + 0*w - 6 - a*w + 3*w**2. Calculate c(-6).
12
Suppose 0 = a - 2*a + 13. Suppose 4*u + i - 2*i = -a, -13 = 5*u + 2*i. Let p(c) = -c + 1. What is p(u)?
4
Let c = -1 + 4. Let u = 7 + -5. Let d(o) = 3*o + 3*o**2 - 6*o**3 + 3*o**3 + 0*o**3 + u*o**3. Calculate d(c).
9
Let v be 9/3*(-2)/(-2). Let d = -2 + v. Let g(m) = 0*m + m - 4*m. Calculate g(d).
-3
Let h(t) = -t**2 + t - 1 - 2 + t**2 - t**2. Determine h(0).
-3
Let m(c) be the second derivative of c**3/6 + c. Let w(y) = -4*y - 2. Let g(t) = 5*m(t) + 